- 148. Calculate the remainder when i is divided by z.
29
Suppose -y - y + 4 = 0. Let x be 3 + 2/((-2)/(-3)). Suppose 4*i - 2 = x. What is the remainder when i is divided by y?
0
Suppose 4*y = -y - 40. Let u be 2*(-3)/12*y. Suppose u*g = -2*h + 28, 0 = -h + 2*h. Calculate the remainder when 20 is divided by g.
6
What is the remainder when (0/3)/(-4) - -10 is divided by 4?
2
Let t = 132 + -65. What is the remainder when t is divided by 10?
7
Suppose -3*p - 75 = -3*d, -5*d + 113 = -p - p. Calculate the remainder when 61 is divided by d.
19
Let o(b) = -b**3 - b**2 + b + 7. Suppose -d + 2*d - 3 = 0. Suppose 0 = -0*x - d*x. Calculate the remainder when o(x) is divided by 3.
1
Let r(j) = 3*j + 1. Let t be r(-1). Let a(p) = 5 - 22*p - 5 + 9*p. What is the remainder when a(t) is divided by 14?
12
Let b(z) = 7*z**2 + 3*z - 3. Suppose 0 = 3*f - 2*f + 3. Let y be b(f). Calculate the remainder when 49 is divided by (y/(-6))/((-3)/6).
15
Let r(q) = 71*q**2 - 2*q + 1. Let c(i) = i**3 - 8*i**2 - 8*i - 8. Let s be c(9). What is the remainder when r(s) is divided by 18?
16
Suppose 3*i - 17 = 49. Let d = i - -3. What is the remainder when 47 is divided by d?
22
Let q(g) = -g**2 - 7*g - 5. Let x be q(-4). Let a = x + -4. What is the remainder when 23 is divided by -1*-8*a/3?
7
Suppose 0*n = -5*n. Suppose -y - v = -3*v - 2, -4*y - 3*v + 63 = n. Suppose 3*h + 0*h = 69. What is the remainder when h is divided by y?
11
Suppose -2*w = 2*q - 58, -2*w + 4*q + 14 = -w. What is the remainder when 49 is divided by w?
23
Suppose 2*s - 255 = -s. What is the remainder when s is divided by 22*(-1 - (-1 - 1))?
19
Let z(m) = -m**3 + 8*m**2 + 7*m + 11. What is the remainder when z(8) is divided by 17?
16
Suppose 5*l + 0*l - 5*a - 65 = 0, 14 = 3*l + 2*a. What is the remainder when 12 is divided by l?
4
Calculate the remainder when 4/(-2)*(-30)/4 is divided by 8.
7
What is the remainder when 24 is divided by 2 - -3 - (-4)/2?
3
Suppose -3 = -7*q + 4*q. Suppose 16 + 12 = 2*c. What is the remainder when c is divided by 2 + -4 + q - -6?
4
Let y = 14 - 8. Let m(b) = 3*b**2 + 0*b**2 - 2*b - 1 + y*b**2 + b**2. Calculate the remainder when m(2) is divided by 18.
17
Let z = -4 + 7. Let h(w) be the third derivative of -w**4/24 + 2*w**3/3 + w**2. Calculate the remainder when h(z) is divided by 1.
0
Suppose -5*h - 4 = -19. Let r(b) = -b**3 - 3*b**2 + 2*b - 4. What is the remainder when r(-4) is divided by h?
1
Let h(j) = -j**2 + 5*j - 1. Calculate the remainder when 237/27 - (-2)/9 is divided by h(2).
4
Let p(y) = -y**3 + y**2 + 2. Let s be p(3). Suppose -k + 4*o + 26 = 0, o = 4*o + 15. What is the remainder when (-78)/(-8) + (-4)/s is divided by k?
4
Suppose 0 = -5*t + 121 + 4. Let m(h) = -h + 8. Calculate the remainder when t is divided by m(-6).
11
Let g be 7 - (-1 - (-7 - -3)). Suppose -4*b = -2*o - 8, -b - g = -5*o + b. What is the remainder when (2/1)/o - -23 is divided by 13?
11
Calculate the remainder when 18/(-18)*4*-1 is divided by 3.
1
Let v(q) = 7*q**2 + q + 6. Let b be v(-3). Suppose -3*s - 12 = -b. Calculate the remainder when 70 is divided by s.
16
Let o = 60 + -39. Calculate the remainder when 44 is divided by 321/21 - 6/o.
14
Let z = 37 - 21. What is the remainder when z is divided by 6?
4
Calculate the remainder when 29 is divided by (-28)/(-4) + 4 - 2/(-2).
5
Suppose -3*v + 1 = -86. Let s = v + -3. Suppose -12 = -i - 3. Calculate the remainder when s is divided by i.
8
Let p(q) = -q**3 + 15*q**2 - 10*q - 3. What is the remainder when p(14) is divided by 14?
11
Let i be (0 - 4/6)*84. Let b(n) = n - 84. Let t be b(0). Let d = i - t. Calculate the remainder when d is divided by 15.
13
Suppose -7 = -s + 5*q, -3*s - q + 2 = 3*q. Let r(h) = 3 + s*h + 6*h - 4. Calculate the remainder when r(1) is divided by 4.
3
Calculate the remainder when 63 is divided by 260/16 - 1/4.
15
Suppose 3*p - 2*h - 32 = 0, -3*p = h - 20 - 0. Calculate the remainder when p is divided by 2.
0
Suppose 0 = -3*s - 0*s + 27. Suppose s = 2*x - 23. What is the remainder when x is divided by 6?
4
Let i = -24 - -40. Let q = 21 - 19. Suppose 5*o - 130 = -q*a + 3*o, -3*a + 179 = -o. Calculate the remainder when a is divided by i.
13
Suppose 4*r - 232 = p, -r + 86 = 4*p + 11. Calculate the remainder when r is divided by 16.
11
What is the remainder when 38 is divided by 8 - 2 - (-7 - -5)?
6
Let v = -2 + 25. Calculate the remainder when v is divided by (-220)/(-18) + 4/(-18).
11
Suppose -10 = -3*c + 2. Let k be (c/(-10))/((-1)/85). Let w = 60 - k. Calculate the remainder when w is divided by 9.
8
Let j = 24 - 11. Calculate the remainder when j is divided by 7.
6
Let k(j) = -4*j - 31. Suppose 0 = -s + 24 + 42. What is the remainder when s is divided by k(-12)?
15
Let p(j) = -j**2 + 8*j + 2. Let n be p(7). Let u = -96 + 188. Calculate the remainder when 63 is divided by u/6 + 6/n.
15
Let a(o) = o**2 + 4*o + 3. Calculate the remainder when a(-8) is divided by 19.
16
Suppose 0 = -n + 79 - 18. Let t(g) = -g**2 + 11*g - 8. What is the remainder when n is divided by t(8)?
13
Let x(c) = -c**3 - 10*c**2 - 3*c. What is the remainder when x(-10) is divided by 16?
14
Suppose -5*j + 5*v + 56 = 16, -5*j - 3*v = 0. Calculate the remainder when 4/(-3)*9/(-2) is divided by j.
0
Let l be 2/1*(-25)/(-10). Suppose -3*h + 177 = 2*n, -3*n = l*h - 3*h - 113. Calculate the remainder when h is divided by 21.
19
Let g(u) = u**2 + 6*u + 16. What is the remainder when 32 is divided by g(-5)?
10
Suppose -5*y + 27 = 4*m, 5*m + 4*y - 5 = 22. Suppose m*p + p + 24 = 0. Let r = 9 + p. Calculate the remainder when r is divided by 2.
1
Let v(a) = a**3 + 9*a**2 + 10*a + 9. Let i be v(-7). Let z = i - 22. Suppose -4*q + q + z = 0. Calculate the remainder when 14 is divided by q.
4
Let c = 61 + -28. What is the remainder when 130 is divided by c?
31
Let b = -6 - -10. Suppose b*h - h = 81. Calculate the remainder when h is divided by 15.
12
Let z(h) = 9*h. Calculate the remainder when z(3) is divided by 18.
9
Let h be 4 + (-3 - (-1)/1). Suppose -6*d + h*d + 34 = 5*y, 0 = 2*d - 5*y - 32. What is the remainder when 32 is divided by d?
10
Suppose 4*w - 3*w = -5*n + 30, w = n. Suppose 3*h + 3*p = 27, 3*p = -3*h - 2*h + 49. Calculate the remainder when h is divided by n.
1
Let f(t) = t**3 - t - 2. Calculate the remainder when 85 is divided by f(3).
19
Suppose 0 = -14*w + 114 + 96. Calculate the remainder when 57 is divided by w.
12
Let j be 1/(-2)*-1*82. Let x = j + -27. Suppose -4*w = -7 - 97. Calculate the remainder when w is divided by x.
12
Suppose 11 = 3*q - 25. Let a = -17 - -30. Suppose -2*p + 3*r + a = 0, p + 2*r + q = 4*p. What is the remainder when 6 is divided by p?
0
Let d(b) = b**3 - b**2 + b + 8. Let k be d(0). Suppose h + k = 25. Suppose -3*r + 5*g = -32, -1 = -4*g - h. What is the remainder when 11 is divided by r?
3
Suppose 4*z + 238 = -0*l + 2*l, 0 = l + 2*z - 111. What is the remainder when l is divided by 29?
28
Let o be (0 - 2)/(1*2). Calculate the remainder when o*(0 - 22) + 1 is divided by -8 + 10 + (1 - -5*1).
7
Let i = 23 + -9. What is the remainder when i is divided by 5?
4
Let p = 9 - -18. Let w be (-105)/(-25)*(1 - -4). Calculate the remainder when p is divided by 3/(18/4)*w.
13
What is the remainder when 1287/54 - (-2)/12 is divided by 9?
6
Let o = 75 - -22. What is the remainder when o is divided by 20?
17
Let f(v) = 18*v**2 + v. Suppose -12 = -3*k - 5*n, -4*n = 6*k - 2*k - 8. What is the remainder when f(k) is divided by 9?
8
Let o(w) = 4*w + 1. Let n be o(1). Suppose 0 = 3*c - 1 - n. What is the remainder when c is divided by 1?
0
Let r = -18 - -19. What is the remainder when 1 is divided by r?
0
Let o(y) = -y**3 + 6*y**2 + 10*y - 8. Let g be 6/4*32/12. Let t be 2/g + (-26)/(-4). What is the remainder when o(t) is divided by 7?
6
Let x(i) = -i**3 - 21*i**2 - 20*i + 13. What is the remainder when 33 is divided by x(-20)?
7
Let r(z) = -z**3 - 8*z**2 - 3*z - 5. Let k be r(-7). Let t = 60 + k. Calculate the remainder when 106 is divided by t.
25
Suppose 5*o = 8*o - 39. What is the remainder when 34 is divided by o?
8
Let w = -66 + 77. Calculate the remainder when 42 is divided by w.
9
Suppose 153 = 4*x + 45. Let z(r) = -58*r - 11. Calculate the remainder when z(-2) is divided by x.
24
Suppose 2*n + 28 = 5*h, 5*h + 16 = h. Let t